hat are the prime factors of 509267?
11, 67, 691
List the prime factors of 864776.
2, 11, 31, 317
What are the prime factors of 2183381?
29, 75289
What are the prime factors of 19266861?
3, 101, 63587
List the prime factors of 561403.
269, 2087
What are the prime factors of 1518027?
3, 7, 72287
List the prime factors of 5193385.
5, 887, 1171
List the prime factors of 4331989.
4331989
What are the prime factors of 37802?
2, 41, 461
What are the prime factors of 16413423?
3, 13, 420857
List the prime factors of 1962773.
131, 14983
List the prime factors of 960333.
3, 11, 29101
What are the prime factors of 388491?
3, 129497
List the prime factors of 1110595.
5, 389, 571
What are the prime factors of 233320?
2, 5, 19, 307
What are the prime factors of 1928964?
2, 3, 23, 29, 241
List the prime factors of 55711.
55711
List the prime factors of 302014.
2, 151007
List the prime factors of 10352357.
31, 107, 3121
What are the prime factors of 663467?
7, 94781
What are the prime factors of 8150904?
2, 3, 79, 1433
What are the prime factors of 144329?
101, 1429
List the prime factors of 768877.
29, 26513
What are the prime factors of 5115525?
3, 5, 68207
List the prime factors of 57743.
7, 73, 113
List the prime factors of 5470.
2, 5, 547
List the prime factors of 1678483.
179, 9377
List the prime factors of 1086403.
109, 9967
What are the prime factors of 1830355?
5, 53, 6907
List the prime factors of 92019.
3, 37, 829
What are the prime factors of 1488580?
2, 5, 263, 283
List the prime factors of 73329.
3, 24443
What are the prime factors of 12866097?
3, 19, 225721
List the prime factors of 3858101.
13, 37, 617
What are the prime factors of 996232?
2, 124529
List the prime factors of 2782429.
13, 214033
List the prime factors of 97979.
7, 13997
List the prime factors of 6394039.
601, 10639
What are the prime factors of 2244731?
17, 23, 5741
What are the prime factors of 5251827?
3, 7, 17, 47, 313
What are the prime factors of 4466957?
11, 19, 29, 67
What are the prime factors of 76255?
5, 101, 151
List the prime factors of 343027.
37, 73, 127
List the prime factors of 1636211.
31, 47, 1123
What are the prime factors of 3702455?
5, 311, 2381
List the prime factors of 214369.
463
What are the prime factors of 1822631?
89, 20479
What are the prime factors of 33477915?
3, 5, 2231861
What are the prime factors of 30279196?
2, 7569799
What are the prime factors of 14973795?
3, 5, 110917
What are the prime factors of 252416?
2, 17, 29
What are the prime factors of 194519?
13, 1151
What are the prime factors of 1763934?
2, 3, 293989
What are the prime factors of 1587028?
2, 41, 9677
List the prime factors of 9053024.
2, 282907
What are the prime factors of 183277?
17, 10781
What are the prime factors of 2336380?
2, 5, 116819
What are the prime factors of 8164742?
2, 107, 38153
What are the prime factors of 19556?
2, 4889
What are the prime factors of 480275?
5, 19211
List the prime factors of 13931646.
2, 3, 47, 127, 389
What are the prime factors of 324280?
2, 5, 11, 67
List the prime factors of 228692.
2, 57173
List the prime factors of 13849088.
2, 11, 2459
List the prime factors of 301922.
2, 150961
List the prime factors of 8866116.
2, 3, 7, 151, 233
What are the prime factors of 451558?
2, 225779
List the prime factors of 33128852.
2, 17, 131, 3719
List the prime factors of 16647141.
3, 7, 53, 14957
What are the prime factors of 1167648?
2, 3, 12163
What are the prime factors of 13815362?
2, 11, 79, 7949
What are the prime factors of 25918125?
3, 5, 23, 601
What are the prime factors of 9922696?
2, 7, 17, 1489
List the prime factors of 1933430.
2, 5, 29, 59, 113
What are the prime factors of 7365000?
2, 3, 5, 491
What are the prime factors of 10956762?
2, 3, 331, 613
List the prime factors of 3614394.
2, 3, 7, 47, 1831
What are the prime factors of 1815478?
2, 7, 103, 1259
List the prime factors of 104685.
3, 5, 7, 997
What are the prime factors of 17013353?
7, 23, 105673
What are the prime factors of 583562?
2, 7, 73, 571
List the prime factors of 18352945.
5, 13, 17, 977
What are the prime factors of 3707506?
2, 11, 168523
List the prime factors of 291535.
5, 199, 293
What are the prime factors of 1756416?
2, 3, 2287
List the prime factors of 126780.
2, 3, 5, 2113
List the prime factors of 6640324.
2, 31, 53551
What are the prime factors of 6740586?
2, 3, 29, 37, 349
What are the prime factors of 421889?
13, 17, 23, 83
List the prime factors of 98274.
2, 3, 11, 1489
List the prime factors of 1172877.
3, 390959
List the prime factors of 142035.
3, 5, 17, 557
What are the prime factors of 298399?
298399
List the prime factors of 24898.
2, 59, 211
What are the prime factors of 659394?
2, 3, 12211
List the prime factors of 222856.
2, 89, 313
What are the prime factors of 1872769?
1872769
What are the prime factors of 1389378?
2, 3, 231563
What are the prime factors of 107614?
2, 13, 4139
List the prime factors of 789337.
23, 34319
List the prime factors of 491225.
5, 7, 401
What are the prime factors of 340357?
17, 20021
What are the prime factors of 157192?
2, 7, 401
What are the prime factors of 96628?
2, 7, 17, 29
What are the prime factors of 5523995?
5, 43, 25693
List the prime factors of 620171.
620171
List the prime factors of 78217.
17, 43, 107
What are the prime factors of 1908207?
3, 7, 4327
What are the prime factors of 8338030?
2, 5, 563, 1481
List the prime factors of 1090315.
5, 19, 23, 499
List the prime factors of 292376.
2, 7, 23, 227
List the prime factors of 1454064.
2, 3, 30293
What are the prime factors of 1889533?
17, 111149
What are the prime factors of 5136526?
2, 2568263
What are the prime factors of 391811?
7, 223, 251
What are the prime factors of 372420?
2, 3, 5, 2069
List the prime factors of 249005.
5, 49801
List the prime factors of 1591498.
2, 89, 8941
What are the prime factors of 4839146?
2, 13, 103, 139
List the prime factors of 10519902.
2, 3, 194813
List the prime factors of 115129.
7, 16447
What are the prime factors of 2518502?
2, 7, 31, 829
What are the prime factors of 9581801?
9581801
What are the prime factors of 259231?
7, 29, 1277
What are the prime factors of 91743?
3, 53, 577
List the prime factors of 24292112.
2, 13, 116789
List the prime factors of 22979.
11, 2089
List the prime factors of 1111706.
2, 555853
List the prime factors of 424190.
2, 5, 13, 251
List the prime factors of 208956.
2, 3, 11, 1583
List the prime factors of 472102.
2, 137, 1723
List the prime factors of 2587917.
3, 59, 14621
List the prime factors of 6346641.
3, 7, 302221
List the prime factors of 146899.
71, 2069
What are the prime factors of 2248837?
2248837
What are the prime factors of 3241317?
3, 1080439
What are the prime factors of 339051?
3, 113017
List the prime factors of 7857413.
47, 3557
What are the prime factors of 583871?
113, 5167
What are the prime factors of 153058?
2, 103, 743
What are the prime factors of 569054?
2, 284527
List the prime factors of 1211692.
2, 17, 103, 173
List the prime factors of 15985586.
2, 107, 74699
List the prime factors of 138714.
2, 3, 61, 379
What are the prime factors of 126193?
53, 2381
What are the prime factors of 6790928?
2, 424433
List the prime factors of 833196.
2, 3, 7, 13, 109
List the prime factors of 1354856.
2, 163, 1039
What are the prime factors of 301988?
2, 17, 4441
List the prime factors of 1313160.
2, 3, 5, 31, 353
What are the prime factors of 5149430?
2, 5, 11, 13, 277
What are the prime factors of 954745?
5, 11, 17359
What are the prime factors of 271968?
2, 3, 2833
What are the prime factors of 516805?
5, 41, 2521
List the prime factors of 280506.
2, 3, 46751
What are the prime factors of 880970?
2, 5, 37, 2381
What are the prime factors of 11679704?
2, 1459963
List the prime factors of 1115517.
3, 13, 28603
What are the prime factors of 3151195?
5, 173, 3643
What are the prime factors of 1120440?
2, 3, 5, 9337
List the prime factors of 460250.
2, 5, 7, 263
List the prime factors of 2247217.
7, 321031
List the prime factors of 383490.
2, 3, 5, 4261
What are the prime factors of 11499320?
2, 5, 7, 5867
List the prime factors of 806503.
806503
List the prime factors of 850416.
2, 3, 7, 2531
List the prime factors of 42241.
53, 797
List the prime factors of 1799790